{"id":44,"date":"2022-03-30T13:04:45","date_gmt":"2022-03-30T11:04:45","guid":{"rendered":"http:\/\/dietetique-et-image-de-soi.com\/?page_id=44"},"modified":"2022-09-28T15:53:26","modified_gmt":"2022-09-28T13:53:26","slug":"page-principale","status":"publish","type":"page","link":"https:\/\/dietetique-et-image-de-soi.com\/","title":{"rendered":"Di\u00e9t\u00e9ticienne &#038; Conseill\u00e8re en Image"},"content":{"rendered":"\n<div class=\"wp-block-nextend-smartslider3\"><\/div>\n","protected":false},"excerpt":{"rendered":"","protected":false},"author":1,"featured_media":0,"parent":0,"menu_order":0,"comment_status":"closed","ping_status":"closed","template":"","meta":{"footnotes":""},"class_list":["post-44","page","type-page","status-publish","hentry"],"_links":{"self":[{"href":"https:\/\/dietetique-et-image-de-soi.com\/index.php\/wp-json\/wp\/v2\/pages\/44","targetHints":{"allow":["GET"]}}],"collection":[{"href":"https:\/\/dietetique-et-image-de-soi.com\/index.php\/wp-json\/wp\/v2\/pages"}],"about":[{"href":"https:\/\/dietetique-et-image-de-soi.com\/index.php\/wp-json\/wp\/v2\/types\/page"}],"author":[{"embeddable":true,"href":"https:\/\/dietetique-et-image-de-soi.com\/index.php\/wp-json\/wp\/v2\/users\/1"}],"replies":[{"embeddable":true,"href":"https:\/\/dietetique-et-image-de-soi.com\/index.php\/wp-json\/wp\/v2\/comments?post=44"}],"version-history":[{"count":16,"href":"https:\/\/dietetique-et-image-de-soi.com\/index.php\/wp-json\/wp\/v2\/pages\/44\/revisions"}],"predecessor-version":[{"id":1000,"href":"https:\/\/dietetique-et-image-de-soi.com\/index.php\/wp-json\/wp\/v2\/pages\/44\/revisions\/1000"}],"wp:attachment":[{"href":"https:\/\/dietetique-et-image-de-soi.com\/index.php\/wp-json\/wp\/v2\/media?parent=44"}],"curies":[{"name":"wp","href":"https:\/\/api.w.org\/{rel}","templated":true}]}}